. Suppose 3*m - 9 = -b*m. Suppose -460 = -4*v - 4*z, m*v - 8*v - z + 591 = 0. Is v a prime number?
False
Suppose 3*l = 34 + 83. Let j = -10 + 94. Let i = l + j. Is i a prime number?
False
Let f be -2 - 3/(6/64). Let y = 67 + 100. Let x = y + f. Is x prime?
False
Suppose -6*z + z + 25 = 0. Let q be -3 - -148 - (-3 + z). Let c = q + -16. Is c composite?
False
Let x(i) = 54*i**2 + 43*i + 129. Is x(-10) a prime number?
True
Let a = 1843 + -1089. Let l = a + -489. Is l prime?
False
Let v = -4515 - -27616. Is v a composite number?
True
Let n be (-21)/(-28) - (-927)/12. Suppose 0 = f + 13 - n. Is f a prime number?
False
Suppose 3*s = 5*s + 2, 4*v + 5*s = -73. Let z = v - -17. Suppose z = 4*j - 261 - 583. Is j prime?
True
Let n(l) be the second derivative of l**4/12 + l**3/3 - 5*l**2/2 - 5*l. Is n(4) prime?
True
Let y(b) = 2*b + 10. Let q be y(-6). Let m(i) = -4*i - 6. Let d be m(q). Suppose d*r = 5*t - 2*r - 1942, -4*t + 5*r + 1559 = 0. Is t composite?
True
Is (-23661)/18*(-5)/((-5)/(-2)) a composite number?
True
Let s(g) = 667*g**2 - 173*g - 19. Is s(-11) composite?
False
Let r be (-10)/(-25)*5 + (-39)/(-3). Let s(y) = 2*y**2 + 16*y + 11. Is s(r) a prime number?
True
Suppose 0 = -f + 6*f - 20. Let c = 62 + 92. Suppose f*j - c = 114. Is j a composite number?
False
Let m(l) = -345*l. Let r be m(-3). Suppose 4*k + r = -1101. Let u = 53 - k. Is u a composite number?
False
Let z(k) = -9*k - 42. Let c be z(17). Let g = 28 - c. Is g a composite number?
False
Let v(z) = -z**2 + 0 - 9*z + 2 - 6. Let q be v(-8). Suppose -2*b + 4*p + 512 = -p, -q*p - 8 = 0. Is b composite?
False
Suppose -2 = -27*k + 28*k. Is k*3*(-1028)/24 a composite number?
False
Let u(n) = -n**3 + n + 66. Let x be u(0). Let g be x/(0 - 3) - 4. Let b = 267 - g. Is b prime?
True
Let a = -12 + 17. Suppose 8*x - a*x - 1347 = 0. Is x a composite number?
False
Let n(d) = d + 13. Let u be n(-16). Let a(q) = 17*q**2 + 4*q + 8. Is a(u) composite?
False
Suppose -m + 2*n = -6, 2*m = 2*n + 4 + 2. Let v(j) = j**2 + 2*j + 326. Is v(m) prime?
False
Suppose 0 = -7*m + 2*m - 5*q - 5, -18 = -2*m + 3*q. Suppose -m*v = -2*v + 3. Is 158*((-21)/(-6) + v) a prime number?
True
Let i(t) = -t**3 - t**2 - 13*t + 5. Let q(w) = -w**3 - 2*w**2 - 13*w + 5. Let f(k) = -3*i(k) + 4*q(k). Is f(-10) a prime number?
False
Let y be 2 + 1 + 4 + -3. Suppose -y*i - 1 + 13 = 0. Suppose 2*h - 71 = -5*q + 410, 4*q - i*h = 394. Is q composite?
False
Let m(y) = 12*y + 9. Let r be m(-2). Is 45/r - (1 + -1) - -16 a prime number?
True
Suppose q + 328040 = 5*l, 9*q - 15 = 6*q. Is l a composite number?
False
Let c = -754 - -1363. Suppose -3*q + 3*i = -1278, q - c = 5*i - 187. Is q a composite number?
True
Is (2 - -1)/((-12295)/(-3073) + -4) a prime number?
False
Let m = 21211 + -14096. Is m a prime number?
False
Suppose -115 = 3*r - 8*r. Let b = 26 - r. Suppose 0 = -2*f - 6, -k + f + 333 = -b*f. Is k a composite number?
True
Let x(w) = 86*w**2 - 4*w - 1. Let y be 7 + -2 - (-5 + 8). Is x(y) a composite number?
True
Let h be (-9)/(((-8)/(-2))/(-4)). Suppose -3*l - 1122 = -h*l. Is l a composite number?
True
Let a(n) = -11*n - 2. Let k be a(-1). Suppose -8*d = -k*d + 17. Suppose 19*o - 762 = d*o. Is o composite?
True
Let a(q) = -q - 6. Let j be a(-6). Suppose j*h = 2*h. Suppose f + 2*f - 1185 = h. Is f composite?
True
Is 327602/15 + (-42)/315 + -1 composite?
False
Suppose 247*j + 270935 = 254*j. Is j a prime number?
False
Let v = -391 + 607. Suppose -2*j + v + 156 = 0. Suppose 322 + j = 4*q. Is q a composite number?
False
Suppose 8394 = -2*y + 4*y - p, -3*y - p = -12581. Is y composite?
True
Suppose -2*c + 4*c + 2 = 0. Is (-9415)/(-4) + ((-12)/(-16))/c a composite number?
True
Let a(b) = -b**3 - 9*b**2 + 7*b + 101. Is a(-12) a prime number?
True
Is 12/102 - (-310457)/119 composite?
False
Suppose 75*x + 5429612 = 133*x. Is x a prime number?
False
Let l(r) = 34*r**2 + 11*r + 767. Is l(28) a composite number?
True
Let q(p) = 174*p**3 + 6*p - 11. Let i(j) = j + 2. Let v be i(1). Is q(v) a composite number?
True
Let b be (-391)/(((-1)/(-4))/((-1)/2)). Let r = -1089 + 1717. Suppose n = t - 474, 3*t + n - r = b. Is t prime?
False
Let t = -31194 + 44353. Is t a composite number?
False
Suppose 4*o = -0*o. Is 1*(635 + 0) - o composite?
True
Let t = 1928 + 1180. Suppose 2*f + f = -t. Let b = -729 - f. Is b prime?
True
Suppose -546*t + 544*t + 3602 = 0. Is t a composite number?
False
Let s = 3416 + -2050. Is s composite?
True
Let t(c) = 2*c**2 + 5*c. Let g be t(-6). Suppose 39*a - g*a + 165 = 0. Is a a composite number?
True
Suppose 0 = -20*u + 8*u + 392556. Is u composite?
False
Let r(o) = o**3 + 5*o**2 + 2*o + 13555. Is r(0) composite?
True
Let z(b) = 6*b - 1. Let v be z(1). Let r(m) = 26*m + 11. Let d(p) = p. Let i(u) = v*d(u) - r(u). Is i(-5) a composite number?
True
Let o = 35 - 44. Let g(n) = n**2 + 8*n - 11. Let w be g(o). Is 0*w/(-8) - -157 a composite number?
False
Suppose 5*s = -b - 0*s, -5*s = 0. Let u be 0/(-5) + b/1. Is (-2)/8*u + 191 composite?
False
Let b be (1 - 1) + -2 + -13. Let u = -11 - b. Suppose -m + 179 = 3*r, -r + 6 = -u*r. Is m a prime number?
False
Suppose 5*z + 1774 = 5*k - 601, -k = -4*z - 463. Suppose 0 = p - 2250 - k. Is p composite?
False
Let f(g) = 189*g**2 - 4*g + 0*g - 1 + 50*g**2 + 2*g. Let w be f(3). Suppose 2*t - 3*z = w, 5*t - 3*z - 5351 = -0*z. Is t a prime number?
True
Let t(p) = 293*p**3 - p**2 + 2*p - 1. Let h = -34 - -35. Is t(h) composite?
False
Let r(j) = -23*j**3 + 3*j**2 + 11*j + 14. Is r(-3) composite?
True
Let k(o) = -155*o**2 + 6*o - 4. Let x be k(4). Let d = -1201 - x. Is d prime?
True
Let c(u) = -47*u + 8 - 1 + 67*u. Is c(9) prime?
False
Let i be (6/8)/(3/(-24)). Suppose 0 = -2*s + g - 15348, 4*g - 23483 + 461 = 3*s. Is s/(-24) + i/8 composite?
True
Let g be (((-8)/(-6))/1)/((-8)/96). Is 3/12 - 2/(g/8070) composite?
False
Suppose -5*y - 22 = 3*z, z + 6*y + 9 = 4*y. Let o(a) = -2*a + 1. Let q be o(z). Is 757 - 4/(q - -3) composite?
True
Let a be 23/2 + 16/(-32). Let c(w) = -19*w + 12. Let x be c(a). Let q = x + 448. Is q composite?
False
Suppose 0 = -8*s + 6119 + 20993. Is s composite?
False
Suppose -5 = -2*z - 17. Is (5/(30/(-2979)))/(z/12) prime?
False
Let d(q) = -9*q - 176. Let l be d(-20). Let n(g) = 45*g**2 - 4*g - 5. Let f be n(-4). Suppose 3*s = -l*t + f, -4*t + 714 - 3 = -s. Is t composite?
False
Let c(k) = 739*k**3 - 2*k**2 + 5*k - 3. Is c(1) composite?
False
Let k(r) = 8*r + 3. Let z be k(16). Suppose -11*p = -10*p - z. Is p composite?
False
Suppose -10*n + 127888 = 6*n. Is n a prime number?
True
Suppose 5*c - 127392 = -21*u + 20*u, 4*c - u = 101910. Is c a composite number?
True
Let t(l) be the first derivative of 64*l**3 + l**2 + 7*l - 13. Is t(3) composite?
False
Let m(o) = 2944*o + 61. Is m(7) prime?
False
Suppose 3*m - 3590 = -2*w, 4*w - 5*m - 7196 = -7*m. Is w prime?
True
Let m(w) = w**3 - 5*w**2 - 6*w - 7. Let q be m(6). Let c be ((-2)/(-6))/(q/(-3339)). Is 1/((-474)/c - -3) a prime number?
True
Let j = -5820 + 2151. Let h = j + 9292. Is h prime?
True
Let v = -3 - -5. Let o be 2/(-6) - 6468/(-99). Suppose 2*z + 222 = 5*i, -v*i + 4*z = -o - 11. Is i composite?
True
Let m(y) = -109*y**3 - 2*y**2 - 12*y - 20. Is m(-3) prime?
False
Let u = -138 - -81. Let p = u - -124. Is p prime?
True
Let b = 12050 + -6986. Is (1/4)/(6/b) a prime number?
True
Let w be (5 - 6)/(3/(-198)*2). Is (4/6)/(-2) + 7700/w prime?
True
Is (22/(-4) + 7)*(-28)/(-2) prime?
False
Suppose 5*r = 4*r. Suppose r = -9*k + 4*k + 45. Is (106/(-6))/((-3)/k) a prime number?
True
Let c be (-2)/12 + 110/12. Let v = 16 - c. Is v prime?
True
Suppose -2 = m - 0. Let i(t) = -196*t - 63 + 33 + 33. Is i(m) a prime number?
False
Let u(s) = s**2 + 3*s - 1. Let y(j) = j + 6. Let g be y(-10). Let h be u(g). Suppose h*l + 178 = 2*m, 3*l = -2*l. Is m prime?
True
Let w(r) = -2 + 3 + r**2 + r**3 + 0 - 2*r**3. Let o(p) = 155*p**3 + 7*p**2 + 2*p + 6. Let x(f) = -o(f) + 5*w(f). Is x(-1) a composite number?
True
Let v(q) = 9*q**2 - 7*q + 9. Let i be v(4). Let s = i - 86. Is s composite?
True
Suppose -10*a + 11*a = -2. Let x be -262 - (-4 - a)/(-2). Let q = -136 - x. Is q composite?
False
Suppose 9 = -2*w + 5*w. Suppose -x - 328 = w*x. Let f = x + 241. Is f prime?
False
Let v be (-402)/30 - 4/(-10). Let b = 16 + v. Suppose 0*n - 33 = -b*n. Is n a pr